?
57
Calculate the highest common divisor of 10745 and 175.
35
What is the greatest common factor of 278752 and 281?
281
What is the highest common factor of 3931 and 2?
1
What is the highest common factor of 9 and 232473?
3
Calculate the greatest common factor of 962 and 6401.
37
Calculate the greatest common divisor of 2115 and 68855.
235
Calculate the greatest common factor of 2025 and 2550.
75
What is the highest common factor of 128 and 458?
2
Calculate the greatest common divisor of 211104 and 4608.
288
Calculate the highest common divisor of 5165 and 235.
5
Calculate the highest common divisor of 4386 and 228.
6
What is the greatest common divisor of 48469 and 57?
19
Calculate the highest common factor of 62 and 362638.
62
Calculate the greatest common factor of 2122147 and 526.
263
Calculate the greatest common divisor of 364 and 28.
28
Calculate the highest common factor of 47290 and 40.
10
What is the greatest common divisor of 515732 and 163?
163
What is the highest common divisor of 15745 and 376?
47
Calculate the greatest common factor of 617831 and 17.
17
Calculate the highest common divisor of 663012 and 182.
14
What is the highest common factor of 265 and 129055?
265
What is the greatest common divisor of 10204326 and 246?
246
What is the greatest common divisor of 1015 and 1595?
145
What is the greatest common divisor of 176805 and 240?
15
What is the greatest common divisor of 625 and 40?
5
Calculate the greatest common factor of 295 and 2148367.
59
What is the highest common factor of 39662 and 70?
14
What is the highest common divisor of 138688 and 3940?
788
What is the greatest common factor of 88 and 14752?
8
What is the greatest common divisor of 23 and 23299?
23
Calculate the greatest common divisor of 16866 and 72.
18
What is the greatest common divisor of 572725 and 155?
155
What is the highest common factor of 4601 and 6420?
107
Calculate the greatest common factor of 7197712 and 368.
368
What is the highest common divisor of 13240 and 56?
8
What is the greatest common divisor of 633 and 159?
3
What is the highest common factor of 3348 and 69804?
36
Calculate the greatest common divisor of 6561 and 1944.
243
What is the highest common factor of 954072 and 32?
8
What is the greatest common factor of 642893 and 43?
43
What is the highest common factor of 78 and 570687?
39
Calculate the greatest common divisor of 142701 and 1911.
39
What is the highest common divisor of 84365 and 2872?
359
What is the greatest common divisor of 130 and 304030?
10
Calculate the highest common factor of 891 and 134310.
33
What is the highest common factor of 3 and 3877?
1
Calculate the highest common divisor of 5005 and 29480.
55
What is the greatest common factor of 14028 and 938?
14
What is the greatest common divisor of 165986 and 3576?
298
What is the greatest common factor of 6803290 and 10?
10
Calculate the highest common factor of 336 and 286398.
42
Calculate the highest common divisor of 5995692 and 36.
36
Calculate the highest common divisor of 268567 and 364.
13
Calculate the greatest common divisor of 6740 and 147943.
337
Calculate the greatest common divisor of 11202 and 48.
6
What is the highest common factor of 132 and 186417?
33
What is the greatest common factor of 22 and 250778?
22
Calculate the highest common divisor of 132203 and 1241.
73
Calculate the highest common divisor of 7891 and 78.
13
What is the greatest common factor of 1566 and 270?
54
Calculate the greatest common divisor of 624 and 49860.
12
Calculate the greatest common factor of 171 and 192546.
171
What is the greatest common divisor of 130375 and 35?
35
Calculate the greatest common factor of 16802 and 310.
62
What is the greatest common divisor of 98369 and 1?
1
What is the highest common factor of 1228 and 600?
4
What is the highest common divisor of 24 and 132856?
8
What is the greatest common divisor of 588 and 77952?
84
Calculate the greatest common divisor of 109 and 1383537.
109
What is the greatest common divisor of 2965 and 896023?
593
Calculate the highest common factor of 45301 and 89.
89
Calculate the highest common factor of 42444 and 118424.
524
Calculate the greatest common factor of 25 and 265825.
25
Calculate the greatest common factor of 1918 and 308524.
274
What is the greatest common factor of 371 and 259276?
53
Calculate the greatest common divisor of 102 and 59823.
51
Calculate the greatest common factor of 1661 and 6040.
151
Calculate the greatest common factor of 1134 and 540270.
162
What is the greatest common divisor of 53670 and 420?
30
What is the greatest common divisor of 17544 and 1020?
204
Calculate the greatest common factor of 66 and 152526.
66
Calculate the greatest common factor of 256 and 307072.
128
Calculate the greatest common divisor of 122617 and 781.
781
Calculate the highest common divisor of 15 and 798465.
15
What is the greatest common factor of 928 and 1044?
116
What is the highest common divisor of 206856 and 1170?
234
What is the greatest common factor of 1670 and 2399790?
1670
What is the greatest common factor of 15148 and 27076?
28
What is the highest common divisor of 1179374 and 4697?
427
Calculate the greatest common factor of 16 and 376608.
16
Calculate the highest common divisor of 748832 and 896.
224
Calculate the highest common divisor of 2744 and 59682.
686
What is the highest common divisor of 2071 and 4655?
19
What is the greatest common divisor of 31309 and 4192?
131
Calculate the greatest common factor of 484 and 669614.
242
Calculate the highest common divisor of 1625 and 1104500.
125
Calculate the greatest common divisor of 9730 and 395.
5
What is the highest common factor of 107237 and 30368?
949
What is the highest common divisor of 39494 and 2842?
98
Calculate the greatest common factor of 27 and 9134019.
27
What is the greatest common factor of 103 and 710?
1
What is the highest common factor of 200 and 7320?
40
What is the greatest common divisor of 266 and 54074?
38
What is the greatest common factor of 173633 and 17753?
433
What is the highest common factor of 49675 and 100?
25
What is the greatest common factor of 85 and 70?
5
What is the greatest common factor of 2176 and 8976?
272
What is the highest common divisor of 275816 and 368?
184
Calculate the greatest common divisor of 72 and 4684464.
72
What is the greatest common divisor of 2989 and 240835?
49
Calculate the greatest common divisor of 36384 and 396813.
1137
What is the highest common divisor of 9257992 and 296?
296
Calculate the greatest common factor of 26640 and 39405.
555
Calculate the highest common factor of 7956 and 17082.
234
Calculate the greatest common factor of 656 and 288763.
41
What is the greatest common divisor of 13916 and 2842?
98
What is the highest common divisor of 1175 and 14570?
235
What is the greatest common divisor of 16504 and 344?
8
Calculate the greatest common divisor of 340 and 11815.
85
Calculate the highest common factor of 13741 and 42.
7
Calculate the greatest common factor of 8466 and 1020.
102
What is the greatest common factor of 739622 and 130?
26
Calculate the greatest common divisor of 614 and 7061.
307
Calculate the highest common divisor of 17380 and 3740.
220
Calculate the greatest common divisor of 13005 and 5865.
255
What is the highest common divisor of 31731 and 42?
21
What is the greatest common factor of 743658 and 3?
3
Calculate the highest common divisor of 39819 and 12.
3
What is the highest common factor of 195 and 67899?
39
What is the greatest common factor of 2379 and 180?
3
Calculate the highest common divisor of 802 and 5436758.
802
Calculate the greatest common factor of 50732 and 116.
4
What is the greatest common factor of 54180 and 39312?
252
Calculate the highest common divisor of 211091 and 251.
251
Calculate the greatest common factor of 2837238 and 12.
6
What is the greatest common divisor of 444 and 769452?
444
Calculate the highest common divisor of 136661 and 343.
49
Calculate the greatest common divisor of 4410 and 990.
90
What is the highest common divisor of 103582 and 134?
134
Calculate the greatest common factor of 1231923 and 7.
7
Calculate the highest common factor of 1468 and 2731581.
367
Calculate the greatest common divisor of 30208 and